 is 9 - -7c1?
7ca
In base 8, what is -3 + 3?
0
In base 14, what is b - 45?
-38
In base 4, what is 3 - -30013?
30022
In base 5, what is 14444 + -33?
14411
In base 9, what is 10 + 1?
11
In base 9, what is 46 + 433?
480
In base 3, what is -10200 - -100?
-10100
In base 14, what is 23b + 4?
241
In base 9, what is 128 + 5?
134
In base 11, what is -28 - 119?
-146
In base 12, what is -1 + -44?
-45
In base 2, what is -10 + 10111?
10101
In base 6, what is -11 - -2225?
2214
In base 8, what is 5 + -33?
-26
In base 6, what is 12 + -133?
-121
In base 14, what is -62 + 4?
-5c
In base 5, what is -111 + -20344?
-21010
In base 3, what is -111 - 100020?
-100201
In base 3, what is 1 + -210220?
-210212
In base 14, what is 7 - -6aa?
6b3
In base 6, what is -3 + -32251?
-32254
In base 10, what is 0 - -48?
48
In base 16, what is -3 - 24?
-27
In base 9, what is -65 + 3?
-62
In base 5, what is 141222 + -4?
141213
In base 3, what is 102002 - 111?
101121
In base 6, what is -4 - -210?
202
In base 16, what is a648 + 0?
a648
In base 13, what is -6c + -1?
-70
In base 3, what is 12120 - 12?
12101
In base 10, what is 4 - 1968?
-1964
In base 8, what is 1 + -2063?
-2062
In base 15, what is -e2 + -1?
-e3
In base 15, what is 4 - -20b6?
20ba
In base 7, what is -12 + -34?
-46
In base 6, what is 5245 + -4?
5241
In base 4, what is 1103 - -12?
1121
In base 16, what is 0 - -49d?
49d
In base 12, what is 33 + -46?
-13
In base 4, what is -2010 + -10?
-2020
In base 6, what is -124 - 135?
-303
In base 12, what is -4 - a2?
-a6
In base 11, what is 3 + 21?
24
In base 6, what is 5 + 5500?
5505
In base 10, what is -1 + 18?
17
In base 2, what is 0 + -10000011110?
-10000011110
In base 5, what is -24 - 41?
-120
In base 3, what is 10 + 101021?
101101
In base 8, what is -215 - 4?
-221
In base 3, what is 1122202101 + -10?
1122202021
In base 15, what is -1a - -17c?
162
In base 6, what is -53 - -24?
-25
In base 14, what is -3 - -a0?
9b
In base 10, what is 336 - 5?
331
In base 16, what is -4f5 - 3?
-4f8
In base 4, what is -1 + -130?
-131
In base 4, what is -100 + -3132?
-3232
In base 13, what is -3 - 1716?
-1719
In base 7, what is -4 - -203?
166
In base 6, what is -240 - 51?
-331
In base 13, what is 5 + -41c?
-417
In base 14, what is -5 - -216?
211
In base 8, what is 12 - 6?
4
In base 14, what is 8c + 5?
93
In base 8, what is 16 - 1644?
-1626
In base 13, what is -5 - 514?
-519
In base 11, what is 5 + -11a?
-115
In base 12, what is -227 - 3?
-22a
In base 15, what is 8 - -24?
2c
In base 8, what is 5 - -571?
576
In base 9, what is 5486 - -3?
5500
In base 8, what is -16 + -4?
-22
In base 3, what is 2121 - 1211?
210
In base 3, what is -20 - 110?
-200
In base 14, what is -a - 22?
-2c
In base 9, what is -414 + -4?
-418
In base 12, what is 2 - 2a?
-28
In base 10, what is 1 + 14?
15
In base 8, what is -470 - -31?
-437
In base 2, what is 1001 - -10100?
11101
In base 15, what is -11 - 43?
-54
In base 14, what is 8 - -59?
63
In base 11, what is 344 + -5?
33a
In base 5, what is 0 + 2112?
2112
In base 11, what is -99 + -155?
-243
In base 4, what is 223221 + 3?
223230
In base 16, what is -b - -33?
28
In base 10, what is -2 - 1938?
-1940
In base 11, what is -15427 - 3?
-1542a
In base 8, what is 3 + -22716?
-22713
In base 10, what is 86 - 0?
86
In base 9, what is 2 + 170?
172
In base 5, what is -12 + -1042?
-1104
In base 8, what is 27 - -32?
61
In base 2, what is 100 - -10001101?
10010001
In base 8, what is -25 - 30?
-55
In base 9, what is 28 + -3?
25
In base 11, what is -2 - 37?
-39
In base 2, what is -11 + -110001000110?
-110001001001
In base 9, what is 213 - 3?
210
In base 2, what is -1 - 10010000?
-10010001
In base 3, what is -2012 + -11?
-2100
In base 13, what is 280 + -1?
27c
In base 11, what is -296 + -2?
-298
In base 2, what is -110011001 + -101?
-110011110
In base 4, what is -213 - -12?
-201
In base 9, what is -38 + 14?
-24
In base 13, what is 9 - -21?
2a
In base 6, what is 1423 - 3?
1420
In base 13, what is 7 + -320?
-316
In base 3, what is -11 - -2212101?
2212020
In base 12, what is -56 - 0?
-56
In base 3, what is 2110 + -201?
1202
In base 14, what is -5 - 24?
-29
In base 5, what is -232 - -31?
-201
In base 3, what is 0 + 1221?
1221
In base 12, what is -319b - 1?
-31a0
In base 11, what is 0 - a1?
-a1
In base 4, what is -3 - 131?
-200
In base 4, what is 2 + 20021?
20023
In base 16, what is -41 - -63?
22
In base 13, what is -1b - 31?
-4c
In base 15, what is 4 + -5d?
-59
In base 12, what is 78 + 85?
141
In base 5, what is -10122 + -3?
-10130
In base 8, what is 214 + 3?
217
In base 8, what is 34203 - 5?
34176
In base 4, what is 13 + 11021?
11100
In base 13, what is 366 + 2?
368
In base 5, what is 1 + -13?
-12
In base 2, what is 11 + 110110?
111001
In base 6, what is 3 + 1?
4
In base 2, what is 101 + -10001100?
-10000111
In base 2, what is 1011111100 + 100?
1100000000
In base 8, what is -22 + 16?
-4
In base 6, what is 3215 + 2?
3221
In base 14, what is -1a5 - -3?
-1a2
In base 2, what is -11 - -11100111?
11100100
In base 11, what is -1 + -89?
-8a
In base 2, what is 11 + 1100110?
1101001
In base 6, what is -305 - -3?
-302
In base 6, what is -15 - -10?
-5
In base 4, what is 1223 - 0?
1223
In base 13, what is 3 + -32?
-2c
In base 13, what is 13 + 26?
39
In base 15, what is 3e + -3?
3b
In base 3, what is 1022022 - -1120?
1100212
In base 10, what is -481 - 3?
-484
In base 2, what is 100 - 1110?
-1010
In base 4, what is 133 + 0?
133
In base 11, what is 4 - -11?
15
In base 2, what is -11 - -11000110?
11000011
In base 8, what is -164157 + -2?
-164161
In base 5, what is -243 + 2?
-241
In base 4, what is -11 - -1221?
1210
In base 12, what is 1 - -82?
83
In base 14, what is 62 - 3?
5d
In base 11, what is 50 + 34?
84
In base 8, what is -174 - 20?
-214
In base 2, what is 10 + 10?
100
In base 8, what is 75 + -5?
70
In base 2, what is 1011101 - 10?
1011011
In base 12, what is -71 + -8?
-79
In base 11, what is -a - -a5?
96
In base 7, what is -6 + 11?
2
In base 11, what is 37 + 2?
39
In base 7, what is -1 + 32?
31
In base 5, what is -11031 + 3?
-11023
In base 8, what is -17 - -16?
-1
In base 5, what is 1 - 43?
-42
In base 11, what is -5 - -244?
23a
In base 8, what is -125 - 17?
-144
In base 6, what is 0 + -1424?
-1424
In base 9, what is -1266 + 3?
-1263
In base 9, what is 104 - 1?
103
In base 9, what is -7285 + 2?
-7283
In base 15, what is -221 - 6?
-227
In base 2, what is -111111100 + -100111?
-1000100011
In base 10, what is -384 + 6?
-378
In base 13, what is -5 - -76?
71
In base 5, what is -2 - -201?
144
In base 4, what is 21 + -23201?
-23120
In base 15, what is 87 - -1?
88
In base 14, what is -3 - 126?
-129
In base 13, what is -36 - -5?
-31
In base 14, what is 16 - -3?
19
In base 8, what is 153 - 0?
153
In base 11, what is 15 + 9?
23
In base 15, what is 12 + -77?
-65
In base 2, what is 10100 + 0?
10100
In base 2, what is 101 - 1010101?
-1010000
In base 6, what is 214 - -113?
331
In base 5, what is 2 + -42414?
-42412
In base 9, what is 4 - -400?
404
In base 9, what is 0 + -410?
-410
In base 6, what is -2 + -354?
-400
In base 2, what is -100101101101001 + 10?
-100101101100111
In base 3, what is 102100 + -12?
102011
In base 2, what is 100 + 1010?
1110
In base 16, what is 0 - 150?
-150
In base 6, what is 30 + -111?
-41
In base 5, what is 101 - -40?
141
In base 15, what is -1c1 + -2?
-1c3
In base 7, what is 5 - -630?
635
In base 7, what is -4062 - -5?
-4054
In base 6, what is 2 - -14?
20
In base 16, what is 38 + 2e?
66
In base 13, what is -5 - 61?
-66
In base 15, what is 4 + 20?
24
In base 2, what is -110001011 - 10?
-110001101
In base 7, what is -4 + 534?
530
In base 12, what is -4 + 3348?
3344
In base 8, what is 231 - -4?
235
In base 13, what is 684 - -2?
686
In base 13, what is 3a3 - 7?
399
In base 6, what is 0 + 1355?
1355
In base 10, what is 4317 - 4?
4313
In base 2, what is -101 + -101?
-1010
In base 8, what is -7 - -145?
136
In base 6, what is -32 + -1503?
-1535
In base 2, what is -1100000011 - -101?
-1011111110
In base 4, what is 1032 + 12?
1110
In base 12, what is -2a9 - -44?
-265
In base 12, what is 371 - -1?
372
In base 8, what is 4 + -476?
-472
In base 12, what is -68 + -1?
-69
In base 16, what is -c1 + 2?
-bf
In base 5, what is -4 + -33334?
-33343
In base 9, what is 4 + 28?
33
In base 4, what is -2010 + -3032?
-11102
I